 b**4/12 + b**3/6 + 2*b**2 + 4*b. What is the tens digit of o(n)?
1
Suppose -12 = -2*r + 4. Suppose 225 = -35*j + 44*j. What is the units digit of r/2 - (3 - j)?
6
Suppose -d + 5 = -0, 4*d + 118 = 3*n. What is the tens digit of (1 + 0)*(n - -5)?
5
What is the hundreds digit of 106/(-2)*(-144)/48?
1
Suppose -114 = -2*o - 4*c + 406, c = -5*o + 1273. What is the tens digit of o?
5
Suppose 0 = 4*x + 16, x + 636 = 5*c + 2*x. Suppose -2*n = c - 380. What is the hundreds digit of n?
1
Suppose -3*s + 3*f - 2162 = -f, 0 = 3*s + 2*f + 2186. What is the tens digit of (s/(-9))/(4/6)?
2
Let r be (-3)/4 + (-76)/(-16). Suppose -y - z + 199 = 3*y, 5*y + r*z = 257. What is the tens digit of y?
4
Suppose 0 = -q + 6*q - 25, -5*v + 4*q = 1125. What is the tens digit of v/(-4) - 2/8?
5
Let v(i) = 42*i + 24. Let l be v(-8). Let n = l - -576. What is the units digit of n?
4
Let q be 152/3 - -3*(-6)/(-54). Let p = 220 - q. What is the units digit of p?
9
Suppose 4*q - 28 = 2*i + 20, 2*i = -4*q - 72. Let g = i + 37. What is the units digit of g?
7
Suppose -2*u = -22 + 10. Suppose -3*b = -u*b + 90. What is the tens digit of b?
3
Let z = 10 - -27. Let y = 40 - z. Suppose 0*j = -y*h + 5*j + 32, 32 = 5*h - 3*j. What is the units digit of h?
4
Let i = -2948 - -5270. What is the hundreds digit of i?
3
Let p(i) be the first derivative of -i**3/3 + 2*i - 3. Let j(l) = -l**3 + 4*l**2 + 7*l - 10. Let c be j(5). What is the units digit of p(c)?
2
Let t(m) = m**2 + 8*m + 5. Let q be t(-7). Let v be 0*(-1)/((-4)/q). Let d = 44 + v. What is the tens digit of d?
4
Let b = 402 + -394. What is the units digit of b?
8
Suppose -5*c - n + 6*n = -265, 3*n + 43 = c. Suppose -3*t + 632 + c = 0. What is the tens digit of t?
3
Let f = -8 - -71. Let a = f + -18. What is the units digit of a?
5
Suppose -2*t - 5*t - 5215 = 0. Let k = -517 - t. What is the units digit of k?
8
Let j be 3*(0 - 150/(-9)). Suppose -3*y = 6*k - k + j, k + 1 = 0. What is the tens digit of (-140)/y - (-4)/6?
1
Let o = 4 - -8. Suppose 6*a - 9*a + o = 0. Suppose a*f - 21 - 15 = 0. What is the units digit of f?
9
Let i = 45 + -41. Suppose i*v + 2*w = 130, -4*v = -0*v + 3*w - 125. What is the units digit of v?
5
Let s(h) = 18*h**2 + 7*h - 6. Let d be s(-6). Suppose 5*q = -15, -2*l - 5*q = -d + 221. What is the hundreds digit of l?
1
Suppose -2*r = -6*i + 4632, -3*i + 3161 = -2*r + 848. What is the units digit of i?
3
Suppose -3*t - 2*n - 8 = 3, -2*n = -2*t + 6. Let o(h) = -11*h**2 - 13*h + 68. Let i be o(10). What is the units digit of t/(-7) - i/98?
2
What is the tens digit of 370/(-148) + (-11829)/(-2)?
1
Let x(z) = z**3 + 3*z**2 - 1. Let y be x(-2). Let k = 2 + y. Suppose -4*o + 0*u = -k*u - 8, -2*u = 3*o - 6. What is the units digit of o?
2
What is the hundreds digit of (1280/(-200))/(2/(-45))?
1
What is the units digit of 10/2*(-31 - -354)?
5
Let h(n) = -13 + 2*n**2 + 0 + 0 + 3*n. What is the tens digit of h(4)?
3
Suppose 4*r - 11 - 13 = 0. Let a = r - -8. Let b = a - -3. What is the tens digit of b?
1
Suppose -5*t = -t - n - 10, -4*t - 2*n + 4 = 0. Suppose 5*b = 20, 2*b + 30 = t*g - 3*b. What is the tens digit of g?
2
Suppose -657*r - 20370 = -663*r. What is the units digit of r?
5
Let f = -61 - -34. Let i(w) = -w + 9. What is the units digit of i(f)?
6
Let q(o) = o - 1. Let r(z) = -4*z**2 - 19*z + 21. Let b(a) = -6*q(a) - r(a). What is the units digit of b(-7)?
0
Suppose -35607 = 192*h - 203*h. What is the tens digit of h?
3
Suppose 21*d = 32*d - 14872. Suppose -4*j + d = 480. What is the hundreds digit of j?
2
Let d(j) = -j**2 + 8*j - 8. Let t be d(8). Let i(a) = 4*a - 7. Let n be i(t). Let l = n - -64. What is the units digit of l?
5
Let r(w) = -7*w + 38 + 2*w**2 - 3*w**2 + 6*w. What is the tens digit of r(0)?
3
Let p = 42 + -290. Let i be (p/20)/(1/(-5)). Suppose 3*r = i + 55. What is the tens digit of r?
3
Let u = 108 + -69. Let j = u + -15. What is the units digit of j?
4
Suppose -10*n + 453 = -267. What is the tens digit of n?
7
Let d(a) = 23*a**2 + 13*a - 9. What is the hundreds digit of d(-5)?
5
Let n(t) = -1 + 0*t - 3 - 2*t. Suppose 5*f - 3*w = -19, -3*f - w - 21 = 2*w. What is the units digit of n(f)?
6
Let u = -631 + 1882. What is the units digit of u?
1
Let m(h) = 23*h. Let i be m(15). Suppose -d - i = -4*d. Let j = d - 74. What is the units digit of j?
1
Suppose 3 = d + 10. Let z(g) = g**3 + 8*g**2 + 6*g - 4. Let t be z(d). Suppose -t*m + 2*m = -3, 0 = -2*p + 2*m + 34. What is the tens digit of p?
2
Suppose 4*z - 640 = -h + 179, -4*z = -h - 829. Suppose -7*x = -5*x - z. What is the tens digit of x?
0
Let d = -23 + 3. Let t be (d/(-50))/(1/(-10)). Let x = t + 36. What is the tens digit of x?
3
Let p(t) = 1126*t**2 - t + 2. What is the hundreds digit of p(-1)?
1
Suppose -26 = 2*c + 5*f, 3*c = -5*f - 32 - 2. Let b(k) = k**3 + 8*k**2 - 9*k - 24. What is the tens digit of b(c)?
4
What is the units digit of -1 - (751 - -27)*(-2)/4?
8
Let k be 1 + (-20)/1*1. Let p = k - -19. Suppose -10*f + 11*f - 41 = p. What is the tens digit of f?
4
Let h be (-3 + 24)*-1*20. Let j be 6/(7/(h/(-8))). What is the tens digit of 15/(-2)*(-72)/j?
1
Let z(f) = -2*f - 88. Let w be z(0). Let n be (-720)/w - 2/11. Suppose 12*b - 156 = n*b. What is the tens digit of b?
3
Suppose -s + 144 = -17*s. Let q(i) = -16*i + 23. What is the tens digit of q(s)?
6
Suppose -180 + 200 = -4*r. Let m(s) = s**2 - 1. Let i(k) = 4*k**2 - k - 14. Let h(q) = -i(q) + 5*m(q). What is the units digit of h(r)?
9
Let r be 1/((4 - 5)*2/(-8)). Suppose -5*p + 134 = -4*p - r*o, 126 = p - 2*o. What is the tens digit of p?
1
Let x = 1185 + -571. What is the tens digit of x?
1
Suppose -4*m + 8 + 16 = 0. Let u be 134/6 + (-2)/m. Suppose -u + 6 = -2*l. What is the units digit of l?
8
Suppose 0 = 4*m - 9*n + 5*n - 2600, -n + 4 = 0. What is the tens digit of m?
5
Let c = -18 + 50. Suppose 0 = 3*b + 5*w - 10, 7 = -3*b + 5*w + 27. Suppose c = b*q - 8. What is the units digit of q?
8
Let g(f) = f**3 + 8*f**2 + 8*f + 6. Let q be g(-7). Let i be (-3)/(1/(q/1)). Suppose -i*m + 4*k + 23 = 0, -6*m - 4*k = -2*m + 16. What is the units digit of m?
1
Let n = 15 - 19. Let u(v) = 5*v**2 - 7*v + 3. What is the tens digit of u(n)?
1
What is the units digit of -6*3/54*-771?
7
Let g be 3/(-2)*1*1586/39. What is the units digit of (-4)/20 + g/(-5)?
2
Suppose i - 4*t = -3, -i - t + 0 = -7. Suppose -87 + 562 = i*d. What is the tens digit of d?
9
Let q(o) = -3*o + 1. Let k(l) = 3*l - 1. Let v(y) = -3*k(y) - 2*q(y). Let x be v(11). Let n = x - -56. What is the units digit of n?
4
Let n(k) = k**3 - 29*k**2 + 8*k - 9. Let x be n(29). Let b = 358 - x. What is the units digit of b?
5
Let u be 12/(-4)*1 + 56. Suppose 4 = -q + u. What is the units digit of q?
9
Suppose 0 = 4*o + 2*l - 7456, 5*o = -2*l + 4023 + 5299. What is the tens digit of o/12 - -2 - 1/(-2)?
5
Suppose 0 = -4*a + 3*z + 1895, 3*a - 792 = -5*z + 593. What is the hundreds digit of a?
4
Suppose -w = 2*w - 18. Suppose -4*r = 2*o - 26, -2*r - 2*r + w = -2*o. Suppose 4*v - r*b - 49 = 115, -4 = b. What is the tens digit of v?
3
Suppose 0 = -3*r + 17*r - 6370. What is the units digit of r?
5
Suppose -2*o + 4*j - 281 = 149, 4*o - 5*j + 863 = 0. Let x = -115 - o. What is the tens digit of x?
0
Let w be (-4)/(3 - 7) - -3. Suppose -w*z = 31 - 83. What is the tens digit of z?
1
Suppose -20*c = -17*c. Suppose -6*z + 7*z - 2 = c. Suppose 0 = 4*s - w - 21, z*w - 4 = -6. What is the units digit of s?
5
Let n(c) = 36*c**3 + 15*c**2 + 7*c - 8. What is the units digit of n(5)?
2
Suppose -713*i + 724*i = 5544. What is the tens digit of i?
0
Let b(w) = w**2 + w + 3. Let t be b(-4). Let s = 25 - t. Suppose -4*z = 2*v - s, -z = 3*v - 3*z - 23. What is the units digit of v?
7
Suppose -i - 33 = -0*i - 3*l, 5*i + 152 = 2*l. Let g = -2 - i. Suppose 0 = -x + m + 3 + 1, 3*x - g = -5*m. What is the units digit of x?
6
Let d(t) = -t**3 + 6*t**2. Let z be d(6). Suppose 3*u + 9 = z, -5*c + 11 = -5*u - 4. Suppose 2*a - 7*a + 95 = c. What is the tens digit of a?
1
Let n = -16 + 21. Let u(v) = v + 5. Let z be u(n). Suppose 3*t + z - 118 = 0. What is the tens digit of t?
3
Suppose -5*a - 4*l = -a + 64, -49 = 4*a + l. Let w be -3 + (-98 - -5) + 0/2. What is the tens digit of 0 + a/(22/w)?
4
Suppose 4*q - l - 24 - 1 = 0, -3*l - 9 = -q. Let y be (-20)/(-6) - (-4)/q.